{"id":544,"date":"2025-10-02T12:31:36","date_gmt":"2025-10-02T10:31:36","guid":{"rendered":"https:\/\/zoeylinwoodauteur.fr\/?page_id=544"},"modified":"2025-10-02T12:46:29","modified_gmt":"2025-10-02T10:46:29","slug":"lautrice","status":"publish","type":"page","link":"https:\/\/zoeylinwoodauteur.fr\/?page_id=544","title":{"rendered":"L&#8217;autrice"},"content":{"rendered":"\t\t<div data-elementor-type=\"wp-page\" data-elementor-id=\"544\" class=\"elementor elementor-544\">\n\t\t\t\t\t\t<section class=\"elementor-section elementor-top-section elementor-element elementor-element-1709d1d elementor-section-boxed elementor-section-height-default elementor-section-height-default\" data-id=\"1709d1d\" data-element_type=\"section\" data-e-type=\"section\">\n\t\t\t\t\t\t<div class=\"elementor-container elementor-column-gap-default\">\n\t\t\t\t\t<div class=\"elementor-column elementor-col-100 elementor-top-column elementor-element elementor-element-452f04d\" data-id=\"452f04d\" data-element_type=\"column\" data-e-type=\"column\">\n\t\t\t<div class=\"elementor-widget-wrap elementor-element-populated\">\n\t\t\t\t\t\t<section class=\"elementor-section elementor-inner-section elementor-element elementor-element-8765b5e elementor-section-boxed elementor-section-height-default elementor-section-height-default\" data-id=\"8765b5e\" data-element_type=\"section\" data-e-type=\"section\">\n\t\t\t\t\t\t<div class=\"elementor-container elementor-column-gap-default\">\n\t\t\t\t\t<div class=\"elementor-column elementor-col-50 elementor-inner-column elementor-element elementor-element-7d891d9\" data-id=\"7d891d9\" data-element_type=\"column\" data-e-type=\"column\">\n\t\t\t<div class=\"elementor-widget-wrap elementor-element-populated\">\n\t\t\t\t\t\t<div class=\"elementor-element elementor-element-91ee876 elementor-widget elementor-widget-heading\" data-id=\"91ee876\" data-element_type=\"widget\" data-e-type=\"widget\" data-widget_type=\"heading.default\">\n\t\t\t\t<div class=\"elementor-widget-container\">\n\t\t\t\t\t<h2 class=\"elementor-heading-title elementor-size-default\">Zoey Linwood<\/h2>\t\t\t\t<\/div>\n\t\t\t\t<\/div>\n\t\t\t\t<div class=\"elementor-element elementor-element-df08227 elementor-widget elementor-widget-text-editor\" data-id=\"df08227\" data-element_type=\"widget\" data-e-type=\"widget\" data-widget_type=\"text-editor.default\">\n\t\t\t\t<div class=\"elementor-widget-container\">\n\t\t\t\t\t\t\t\t\t<h3 style=\"text-align: center;\"><span style=\"color: #999999;\"><strong>Autrice ind\u00e9pendante passionn\u00e9e (et un peu sadique envers les personnages et lecteurices), chroniqueuse radio, youtubeuse, podcasteuse et un peu illustratrice \u00e0 mes heures.<\/strong><\/span><\/h3><div><h4>\u00a0<\/h4><h4 style=\"text-align: left;\">Il \u00e9tait une fois<\/h4><\/div><div>Comme chez beaucoup d\u2019auteurs, le d\u00e9sir d\u2019\u00e9criture est ancr\u00e9 chez moi depuis l\u2019enfance et me rattrape \u00e0 l<span style=\"font-family: 'Abyssinica SIL', sans-serif; font-size: 14px; font-style: normal; font-variant-ligatures: normal; font-variant-caps: normal; font-weight: 400;\">\u2019<\/span><span style=\"font-size: 14px;\">\u00e2ge de raison apr\u00e8s de longues ann\u00e9es \u00e0 me consacrer \u00e0 mes \u00e9tudes en histoire de l\u2019art. Pourtant, mes livres ont bien plus \u00e0 voir avec mes sensibilit\u00e9s personnelles qu\u2019avec mon parcours universitaire, puisque j<\/span><span style=\"font-family: 'Abyssinica SIL', sans-serif; font-size: 14px; font-style: normal; font-variant-ligatures: normal; font-variant-caps: normal; font-weight: 400;\">\u2019<\/span><span style=\"font-size: 14px;\">ai un petit penchant pour la science-fiction d\u2019anticipation. Mes premi\u00e8res histoires ont maintenant plus de 25 ans, et je dois admettre, que le style n&#8217;est pas inn\u00e9 mais qu&#8217;il est plut\u00f4t le fruit de nombreuses lectures et de longues heures de travail.<\/span><i style=\"font-size: 14px;\">\u00a0La Sorci\u00e8re du pass\u00e9<\/i><span style=\"font-size: 14px;\">, commenc\u00e9 \u00e0 mes quatorze ans et fortement inspir\u00e9 de\u00a0<\/span><i style=\"font-size: 14px;\">Charmed<\/i><span style=\"font-size: 14px;\">, n<\/span><span style=\"font-family: 'Abyssinica SIL', sans-serif; font-size: 14px; font-style: normal; font-variant-ligatures: normal; font-variant-caps: normal; font-weight: 400;\">\u2019<\/span><span style=\"font-size: 14px;\">a (heureusement) jamais \u00e9t\u00e9 achev\u00e9. M\u00eame si je dois admettre que je trouverais amusant de le recommencer pour en faire un avant\/apr\u00e8s.<\/span><\/div><div>\u00a0<\/div><h4>La naissance des <i>Chroniques de Ridley<\/i><\/h4><p>Ridley est n\u00e9e en mars 2015, apr\u00e8s un marathon <i>Hunger Games<\/i> et <i>Divergente<\/i>. Forc\u00e9ment, \u00e7a a eu une &#8220;l\u00e9g\u00e8re&#8221; influence sur le d\u00e9but de l&#8217;histoire (et la dose de douleur inflig\u00e9e aux personnages&#8230;). Les premiers mots m<span style=\"font-family: 'Abyssinica SIL', sans-serif; font-size: 14px; font-style: normal; font-variant-ligatures: normal; font-variant-caps: normal; font-weight: 400;\">\u2019<\/span>ont titill\u00e9 l<span style=\"font-family: 'Abyssinica SIL', sans-serif; font-size: 14px; font-style: normal; font-variant-ligatures: normal; font-variant-caps: normal; font-weight: 400;\">\u2019<\/span>esprit \u00e0 3 heures du matin, jusqu<span style=\"font-family: 'Abyssinica SIL', sans-serif; font-size: 14px; font-style: normal; font-variant-ligatures: normal; font-variant-caps: normal; font-weight: 400;\">\u2019<\/span>\u00e0 ce que je me d\u00e9cide \u00e0 les coucher sur mon vieil IPad 1 qui n<span style=\"font-family: 'Abyssinica SIL', sans-serif; font-size: 14px; font-style: normal; font-variant-ligatures: normal; font-variant-caps: normal; font-weight: 400;\">\u2019<\/span>avait pour traitement de texte, que Note. C&#8217;est principalement \u00e0 la BNF, pendant les moments calmes, que le premier tome a \u00e9t\u00e9 \u00e9crit. Puis est venu le deuxi\u00e8me, quelques ann\u00e9es plus tard, puis le troisi\u00e8me, termin\u00e9 en 2022.<\/p><p>\u00a0<\/p><p style=\"line-height: 150%;\">\u00a0<\/p>\t\t\t\t\t\t\t\t<\/div>\n\t\t\t\t<\/div>\n\t\t\t\t\t<\/div>\n\t\t<\/div>\n\t\t\t\t<div class=\"elementor-column elementor-col-50 elementor-inner-column elementor-element elementor-element-3c59af8\" data-id=\"3c59af8\" data-element_type=\"column\" data-e-type=\"column\">\n\t\t\t<div class=\"elementor-widget-wrap elementor-element-populated\">\n\t\t\t\t\t\t<div class=\"elementor-element elementor-element-56dfbfe elementor-widget elementor-widget-image\" data-id=\"56dfbfe\" data-element_type=\"widget\" data-e-type=\"widget\" data-widget_type=\"image.default\">\n\t\t\t\t<div class=\"elementor-widget-container\">\n\t\t\t\t\t\t\t\t\t\t\t\t\t\t\t<img fetchpriority=\"high\" decoding=\"async\" width=\"768\" height=\"1024\" src=\"https:\/\/zoeylinwoodauteur.fr\/wp-content\/uploads\/2025\/10\/IMG_9487-2-768x1024.jpg\" class=\"attachment-large size-large wp-image-546\" alt=\"\" srcset=\"https:\/\/zoeylinwoodauteur.fr\/wp-content\/uploads\/2025\/10\/IMG_9487-2-768x1024.jpg 768w, https:\/\/zoeylinwoodauteur.fr\/wp-content\/uploads\/2025\/10\/IMG_9487-2-225x300.jpg 225w, https:\/\/zoeylinwoodauteur.fr\/wp-content\/uploads\/2025\/10\/IMG_9487-2-1152x1536.jpg 1152w, https:\/\/zoeylinwoodauteur.fr\/wp-content\/uploads\/2025\/10\/IMG_9487-2-1536x2048.jpg 1536w, https:\/\/zoeylinwoodauteur.fr\/wp-content\/uploads\/2025\/10\/IMG_9487-2-scaled.jpg 1920w\" sizes=\"(max-width: 768px) 100vw, 768px\" \/>\t\t\t\t\t\t\t\t\t\t\t\t\t\t\t<\/div>\n\t\t\t\t<\/div>\n\t\t\t\t\t<\/div>\n\t\t<\/div>\n\t\t\t\t\t<\/div>\n\t\t<\/section>\n\t\t\t\t<div class=\"elementor-element elementor-element-d83707c elementor-widget__width-initial elementor-widget elementor-widget-text-editor\" data-id=\"d83707c\" data-element_type=\"widget\" data-e-type=\"widget\" data-widget_type=\"text-editor.default\">\n\t\t\t\t<div class=\"elementor-widget-container\">\n\t\t\t\t\t\t\t\t\t<h4><b>Apr\u00e8s la trilogie<\/b><\/h4>\n<p>\u00c0 pr\u00e9sent que la trilogie est achev\u00e9e, j&#8217;\u00e9cris ce qui m<span style=\"color: rgb(128, 128, 128); font-family: &quot;Abyssinica SIL&quot;, sans-serif; font-size: 14px; font-style: normal; font-variant-ligatures: normal; font-variant-caps: normal; font-weight: 400;\">\u2019<\/span>inspire, mais je conserve un go\u00fbt plus que prononc\u00e9 pour les dystopies et les mondes qui ne font pas r\u00eaver. Par exemple j<span style=\"color: rgb(128, 128, 128); font-family: &quot;Abyssinica SIL&quot;, sans-serif; font-size: 14px; font-style: normal; font-variant-ligatures: normal; font-variant-caps: normal; font-weight: 400;\">\u2019<\/span><span style=\"font-size: 14px;\">ai \u00e9crit <\/span><i style=\"font-size: 14px;\">Au-del\u00e0 de la Tour<\/i><span style=\"font-size: 14px;\"> une revisite de Raiponce, le conte de Grimm, dans lequel on retrouve une ambiance post apo \u00e0 la <i>The Last of Us<\/i> ou <i>Je suis une l\u00e9gende<\/i>. Ou encore <i>Oblix <\/i>un thriller urban fantasy avec une bonne dose de discriminations et de politique.&nbsp;<\/span><span style=\"font-size: 14px;\">Et puis, entre temps, je me suis laiss\u00e9e inspir\u00e9e par mes chats et j<\/span><span style=\"color: rgb(128, 128, 128); font-family: &quot;Abyssinica SIL&quot;, sans-serif; font-size: 14px; font-style: normal; font-variant-ligatures: normal; font-variant-caps: normal; font-weight: 400;\">\u2019<\/span><span style=\"font-size: 14px;\">ai \u00e9crit une <i>Le Ch\u00e2timent (miaou)<\/i>, com\u00e9die \u00e0 base de vengeance douce comme un chaton qui fait chaud au coeur et au zygomatiques.<\/span><\/p>\n<p><span style=\"font-size: 14px;\">En ce moment, je travaille sur mon prochain roman qui est une autre revisite de conte. Cette fois, on touche au cyberpunk, un avenir tr\u00e8s technologique et pas du tout post apo. Le conte qui m<\/span><span style=\"color: rgb(128, 128, 128); font-family: &quot;Abyssinica SIL&quot;, sans-serif; font-size: 14px; font-style: normal; font-variant-ligatures: normal; font-variant-caps: normal; font-weight: 400;\">\u2019<\/span><span style=\"font-size: 14px;\">a servit de base est d<\/span><span style=\"color: rgb(128, 128, 128); font-family: &quot;Abyssinica SIL&quot;, sans-serif; font-size: 14px; font-style: normal; font-variant-ligatures: normal; font-variant-caps: normal; font-weight: 400;\">\u2019<\/span><span style=\"font-size: 14px;\">Andersen cette fois. Si vous voulez en savoir plus sur mes avanc\u00e9es dessus, rendez-vous sur la newsletter !<\/span><\/p>\t\t\t\t\t\t\t\t<\/div>\n\t\t\t\t<\/div>\n\t\t\t\t\t<\/div>\n\t\t<\/div>\n\t\t\t\t\t<\/div>\n\t\t<\/section>\n\t\t\t\t<section class=\"elementor-section elementor-top-section elementor-element elementor-element-60b9988 elementor-section-boxed elementor-section-height-default elementor-section-height-default\" data-id=\"60b9988\" data-element_type=\"section\" data-e-type=\"section\">\n\t\t\t\t\t\t<div class=\"elementor-container elementor-column-gap-default\">\n\t\t\t\t\t<div class=\"elementor-column elementor-col-100 elementor-top-column elementor-element elementor-element-8ee6b17\" data-id=\"8ee6b17\" data-element_type=\"column\" data-e-type=\"column\">\n\t\t\t<div class=\"elementor-widget-wrap elementor-element-populated\">\n\t\t\t\t\t\t<div class=\"elementor-element elementor-element-074ba92 elementor-widget elementor-widget-shortcode\" data-id=\"074ba92\" data-element_type=\"widget\" data-e-type=\"widget\" data-widget_type=\"shortcode.default\">\n\t\t\t\t<div class=\"elementor-widget-container\">\n\t\t\t\t\t\t\t<div class=\"elementor-shortcode\"><iframe src=\"https:\/\/zoeylinwood.substack.com\/embed\" width=\"480\" height=\"320\" style=\"border:1px solid #EEE; background:white;\" frameborder=\"0\" scrolling=\"no\"><\/iframe><\/div>\n\t\t\t\t\t\t<\/div>\n\t\t\t\t<\/div>\n\t\t\t\t\t<\/div>\n\t\t<\/div>\n\t\t\t\t\t<\/div>\n\t\t<\/section>\n\t\t\t\t<\/div>\n\t\t","protected":false},"excerpt":{"rendered":"<p>Zoey Linwood Autrice ind\u00e9pendante passionn\u00e9e (et un peu sadique envers les personnages et lecteurices), chroniqueuse radio, youtubeuse, podcasteuse et un peu illustratrice \u00e0 mes heures. \u00a0 Il \u00e9tait une fois Comme chez beaucoup d\u2019auteurs, le d\u00e9sir d\u2019\u00e9criture est ancr\u00e9 chez moi depuis l\u2019enfance et me rattrape \u00e0 l\u2019\u00e2ge de raison apr\u00e8s de longues ann\u00e9es \u00e0 [&hellip;]<\/p>\n","protected":false},"author":1,"featured_media":0,"parent":0,"menu_order":0,"comment_status":"closed","ping_status":"closed","template":"","meta":{"ocean_post_layout":"","ocean_both_sidebars_style":"","ocean_both_sidebars_content_width":0,"ocean_both_sidebars_sidebars_width":0,"ocean_sidebar":"0","ocean_second_sidebar":"0","ocean_disable_margins":"enable","ocean_add_body_class":"","ocean_shortcode_before_top_bar":"","ocean_shortcode_after_top_bar":"","ocean_shortcode_before_header":"","ocean_shortcode_after_header":"","ocean_has_shortcode":"","ocean_shortcode_after_title":"","ocean_shortcode_before_footer_widgets":"","ocean_shortcode_after_footer_widgets":"","ocean_shortcode_before_footer_bottom":"","ocean_shortcode_after_footer_bottom":"","ocean_display_top_bar":"default","ocean_display_header":"default","ocean_header_style":"","ocean_center_header_left_menu":"0","ocean_custom_header_template":"0","ocean_custom_logo":0,"ocean_custom_retina_logo":0,"ocean_custom_logo_max_width":0,"ocean_custom_logo_tablet_max_width":0,"ocean_custom_logo_mobile_max_width":0,"ocean_custom_logo_max_height":0,"ocean_custom_logo_tablet_max_height":0,"ocean_custom_logo_mobile_max_height":0,"ocean_header_custom_menu":"0","ocean_menu_typo_font_family":"0","ocean_menu_typo_font_subset":"","ocean_menu_typo_font_size":0,"ocean_menu_typo_font_size_tablet":0,"ocean_menu_typo_font_size_mobile":0,"ocean_menu_typo_font_size_unit":"px","ocean_menu_typo_font_weight":"","ocean_menu_typo_font_weight_tablet":"","ocean_menu_typo_font_weight_mobile":"","ocean_menu_typo_transform":"","ocean_menu_typo_transform_tablet":"","ocean_menu_typo_transform_mobile":"","ocean_menu_typo_line_height":0,"ocean_menu_typo_line_height_tablet":0,"ocean_menu_typo_line_height_mobile":0,"ocean_menu_typo_line_height_unit":"","ocean_menu_typo_spacing":0,"ocean_menu_typo_spacing_tablet":0,"ocean_menu_typo_spacing_mobile":0,"ocean_menu_typo_spacing_unit":"","ocean_menu_link_color":"","ocean_menu_link_color_hover":"","ocean_menu_link_color_active":"","ocean_menu_link_background":"","ocean_menu_link_hover_background":"","ocean_menu_link_active_background":"","ocean_menu_social_links_bg":"","ocean_menu_social_hover_links_bg":"","ocean_menu_social_links_color":"","ocean_menu_social_hover_links_color":"","ocean_disable_title":"default","ocean_disable_heading":"default","ocean_post_title":"","ocean_post_subheading":"","ocean_post_title_style":"","ocean_post_title_background_color":"","ocean_post_title_background":0,"ocean_post_title_bg_image_position":"","ocean_post_title_bg_image_attachment":"","ocean_post_title_bg_image_repeat":"","ocean_post_title_bg_image_size":"","ocean_post_title_height":0,"ocean_post_title_bg_overlay":0.5,"ocean_post_title_bg_overlay_color":"","ocean_disable_breadcrumbs":"default","ocean_breadcrumbs_color":"","ocean_breadcrumbs_separator_color":"","ocean_breadcrumbs_links_color":"","ocean_breadcrumbs_links_hover_color":"","ocean_display_footer_widgets":"default","ocean_display_footer_bottom":"default","ocean_custom_footer_template":"0","footnotes":""},"class_list":["post-544","page","type-page","status-publish","hentry","entry"],"yoast_head":"<!-- This site is optimized with the Yoast SEO plugin v27.4 - https:\/\/yoast.com\/product\/yoast-seo-wordpress\/ -->\n<title>L&#039;autrice - Zoey Linwood Auteure<\/title>\n<meta name=\"robots\" content=\"index, follow, max-snippet:-1, max-image-preview:large, max-video-preview:-1\" \/>\n<link rel=\"canonical\" href=\"https:\/\/zoeylinwoodauteur.fr\/?page_id=544\" \/>\n<meta property=\"og:locale\" content=\"en_US\" \/>\n<meta property=\"og:type\" content=\"article\" \/>\n<meta property=\"og:title\" content=\"L&#039;autrice - Zoey Linwood Auteure\" \/>\n<meta property=\"og:description\" content=\"Zoey Linwood Autrice ind\u00e9pendante passionn\u00e9e (et un peu sadique envers les personnages et lecteurices), chroniqueuse radio, youtubeuse, podcasteuse et un peu illustratrice \u00e0 mes heures. \u00a0 Il \u00e9tait une fois Comme chez beaucoup d\u2019auteurs, le d\u00e9sir d\u2019\u00e9criture est ancr\u00e9 chez moi depuis l\u2019enfance et me rattrape \u00e0 l\u2019\u00e2ge de raison apr\u00e8s de longues ann\u00e9es \u00e0 [&hellip;]\" \/>\n<meta property=\"og:url\" content=\"https:\/\/zoeylinwoodauteur.fr\/?page_id=544\" \/>\n<meta property=\"og:site_name\" content=\"Zoey Linwood Auteure\" \/>\n<meta property=\"article:modified_time\" content=\"2025-10-02T10:46:29+00:00\" \/>\n<meta property=\"og:image\" content=\"http:\/\/zoeylinwoodauteur.fr\/wp-content\/uploads\/2025\/10\/IMG_9487-2-768x1024.jpg\" \/>\n<meta name=\"twitter:card\" content=\"summary_large_image\" \/>\n<meta name=\"twitter:label1\" content=\"Est. reading time\" \/>\n\t<meta name=\"twitter:data1\" content=\"3 minutes\" \/>\n<script type=\"application\/ld+json\" class=\"yoast-schema-graph\">{\"@context\":\"https:\\\/\\\/schema.org\",\"@graph\":[{\"@type\":\"WebPage\",\"@id\":\"https:\\\/\\\/zoeylinwoodauteur.fr\\\/?page_id=544\",\"url\":\"https:\\\/\\\/zoeylinwoodauteur.fr\\\/?page_id=544\",\"name\":\"L'autrice - Zoey Linwood Auteure\",\"isPartOf\":{\"@id\":\"https:\\\/\\\/zoeylinwoodauteur.fr\\\/#website\"},\"primaryImageOfPage\":{\"@id\":\"https:\\\/\\\/zoeylinwoodauteur.fr\\\/?page_id=544#primaryimage\"},\"image\":{\"@id\":\"https:\\\/\\\/zoeylinwoodauteur.fr\\\/?page_id=544#primaryimage\"},\"thumbnailUrl\":\"http:\\\/\\\/zoeylinwoodauteur.fr\\\/wp-content\\\/uploads\\\/2025\\\/10\\\/IMG_9487-2-768x1024.jpg\",\"datePublished\":\"2025-10-02T10:31:36+00:00\",\"dateModified\":\"2025-10-02T10:46:29+00:00\",\"breadcrumb\":{\"@id\":\"https:\\\/\\\/zoeylinwoodauteur.fr\\\/?page_id=544#breadcrumb\"},\"inLanguage\":\"en-US\",\"potentialAction\":[{\"@type\":\"ReadAction\",\"target\":[\"https:\\\/\\\/zoeylinwoodauteur.fr\\\/?page_id=544\"]}]},{\"@type\":\"ImageObject\",\"inLanguage\":\"en-US\",\"@id\":\"https:\\\/\\\/zoeylinwoodauteur.fr\\\/?page_id=544#primaryimage\",\"url\":\"http:\\\/\\\/zoeylinwoodauteur.fr\\\/wp-content\\\/uploads\\\/2025\\\/10\\\/IMG_9487-2-768x1024.jpg\",\"contentUrl\":\"http:\\\/\\\/zoeylinwoodauteur.fr\\\/wp-content\\\/uploads\\\/2025\\\/10\\\/IMG_9487-2-768x1024.jpg\"},{\"@type\":\"BreadcrumbList\",\"@id\":\"https:\\\/\\\/zoeylinwoodauteur.fr\\\/?page_id=544#breadcrumb\",\"itemListElement\":[{\"@type\":\"ListItem\",\"position\":1,\"name\":\"Accueil\",\"item\":\"https:\\\/\\\/zoeylinwoodauteur.fr\\\/\"},{\"@type\":\"ListItem\",\"position\":2,\"name\":\"L&rsquo;autrice\"}]},{\"@type\":\"WebSite\",\"@id\":\"https:\\\/\\\/zoeylinwoodauteur.fr\\\/#website\",\"url\":\"https:\\\/\\\/zoeylinwoodauteur.fr\\\/\",\"name\":\"Zoey Linwood Auteure\",\"description\":\"\",\"potentialAction\":[{\"@type\":\"SearchAction\",\"target\":{\"@type\":\"EntryPoint\",\"urlTemplate\":\"https:\\\/\\\/zoeylinwoodauteur.fr\\\/?s={search_term_string}\"},\"query-input\":{\"@type\":\"PropertyValueSpecification\",\"valueRequired\":true,\"valueName\":\"search_term_string\"}}],\"inLanguage\":\"en-US\"}]}<\/script>\n<!-- \/ Yoast SEO plugin. -->","yoast_head_json":{"title":"L'autrice - Zoey Linwood Auteure","robots":{"index":"index","follow":"follow","max-snippet":"max-snippet:-1","max-image-preview":"max-image-preview:large","max-video-preview":"max-video-preview:-1"},"canonical":"https:\/\/zoeylinwoodauteur.fr\/?page_id=544","og_locale":"en_US","og_type":"article","og_title":"L'autrice - Zoey Linwood Auteure","og_description":"Zoey Linwood Autrice ind\u00e9pendante passionn\u00e9e (et un peu sadique envers les personnages et lecteurices), chroniqueuse radio, youtubeuse, podcasteuse et un peu illustratrice \u00e0 mes heures. \u00a0 Il \u00e9tait une fois Comme chez beaucoup d\u2019auteurs, le d\u00e9sir d\u2019\u00e9criture est ancr\u00e9 chez moi depuis l\u2019enfance et me rattrape \u00e0 l\u2019\u00e2ge de raison apr\u00e8s de longues ann\u00e9es \u00e0 [&hellip;]","og_url":"https:\/\/zoeylinwoodauteur.fr\/?page_id=544","og_site_name":"Zoey Linwood Auteure","article_modified_time":"2025-10-02T10:46:29+00:00","og_image":[{"url":"http:\/\/zoeylinwoodauteur.fr\/wp-content\/uploads\/2025\/10\/IMG_9487-2-768x1024.jpg","type":"","width":"","height":""}],"twitter_card":"summary_large_image","twitter_misc":{"Est. reading time":"3 minutes"},"schema":{"@context":"https:\/\/schema.org","@graph":[{"@type":"WebPage","@id":"https:\/\/zoeylinwoodauteur.fr\/?page_id=544","url":"https:\/\/zoeylinwoodauteur.fr\/?page_id=544","name":"L'autrice - Zoey Linwood Auteure","isPartOf":{"@id":"https:\/\/zoeylinwoodauteur.fr\/#website"},"primaryImageOfPage":{"@id":"https:\/\/zoeylinwoodauteur.fr\/?page_id=544#primaryimage"},"image":{"@id":"https:\/\/zoeylinwoodauteur.fr\/?page_id=544#primaryimage"},"thumbnailUrl":"http:\/\/zoeylinwoodauteur.fr\/wp-content\/uploads\/2025\/10\/IMG_9487-2-768x1024.jpg","datePublished":"2025-10-02T10:31:36+00:00","dateModified":"2025-10-02T10:46:29+00:00","breadcrumb":{"@id":"https:\/\/zoeylinwoodauteur.fr\/?page_id=544#breadcrumb"},"inLanguage":"en-US","potentialAction":[{"@type":"ReadAction","target":["https:\/\/zoeylinwoodauteur.fr\/?page_id=544"]}]},{"@type":"ImageObject","inLanguage":"en-US","@id":"https:\/\/zoeylinwoodauteur.fr\/?page_id=544#primaryimage","url":"http:\/\/zoeylinwoodauteur.fr\/wp-content\/uploads\/2025\/10\/IMG_9487-2-768x1024.jpg","contentUrl":"http:\/\/zoeylinwoodauteur.fr\/wp-content\/uploads\/2025\/10\/IMG_9487-2-768x1024.jpg"},{"@type":"BreadcrumbList","@id":"https:\/\/zoeylinwoodauteur.fr\/?page_id=544#breadcrumb","itemListElement":[{"@type":"ListItem","position":1,"name":"Accueil","item":"https:\/\/zoeylinwoodauteur.fr\/"},{"@type":"ListItem","position":2,"name":"L&rsquo;autrice"}]},{"@type":"WebSite","@id":"https:\/\/zoeylinwoodauteur.fr\/#website","url":"https:\/\/zoeylinwoodauteur.fr\/","name":"Zoey Linwood Auteure","description":"","potentialAction":[{"@type":"SearchAction","target":{"@type":"EntryPoint","urlTemplate":"https:\/\/zoeylinwoodauteur.fr\/?s={search_term_string}"},"query-input":{"@type":"PropertyValueSpecification","valueRequired":true,"valueName":"search_term_string"}}],"inLanguage":"en-US"}]}},"_links":{"self":[{"href":"https:\/\/zoeylinwoodauteur.fr\/index.php?rest_route=\/wp\/v2\/pages\/544","targetHints":{"allow":["GET"]}}],"collection":[{"href":"https:\/\/zoeylinwoodauteur.fr\/index.php?rest_route=\/wp\/v2\/pages"}],"about":[{"href":"https:\/\/zoeylinwoodauteur.fr\/index.php?rest_route=\/wp\/v2\/types\/page"}],"author":[{"embeddable":true,"href":"https:\/\/zoeylinwoodauteur.fr\/index.php?rest_route=\/wp\/v2\/users\/1"}],"replies":[{"embeddable":true,"href":"https:\/\/zoeylinwoodauteur.fr\/index.php?rest_route=%2Fwp%2Fv2%2Fcomments&post=544"}],"version-history":[{"count":8,"href":"https:\/\/zoeylinwoodauteur.fr\/index.php?rest_route=\/wp\/v2\/pages\/544\/revisions"}],"predecessor-version":[{"id":554,"href":"https:\/\/zoeylinwoodauteur.fr\/index.php?rest_route=\/wp\/v2\/pages\/544\/revisions\/554"}],"wp:attachment":[{"href":"https:\/\/zoeylinwoodauteur.fr\/index.php?rest_route=%2Fwp%2Fv2%2Fmedia&parent=544"}],"curies":[{"name":"wp","href":"https:\/\/api.w.org\/{rel}","templated":true}]}}